{"id":141,"date":"2024-03-03T22:56:19","date_gmt":"2024-03-03T21:56:19","guid":{"rendered":"https:\/\/maison-du-bien-etre-provence.fr\/?page_id=141"},"modified":"2026-01-10T00:22:46","modified_gmt":"2026-01-09T23:22:46","slug":"osteopathie","status":"publish","type":"page","link":"https:\/\/maison-du-bien-etre-provence.fr\/?page_id=141","title":{"rendered":"Ost\u00e9opathie"},"content":{"rendered":"<p>[et_pb_section fb_built=&#8221;1&#8243; fullwidth=&#8221;on&#8221; _builder_version=&#8221;4.24.2&#8243; _module_preset=&#8221;default&#8221; global_colors_info=&#8221;{}&#8221;][et_pb_fullwidth_image src=&#8221;https:\/\/maison-du-bien-etre-provence.fr\/wp-content\/uploads\/2024\/03\/osteopathe-charlene-dehez1.jpg&#8221; title_text=&#8221;oste\u0301opathe &#8211; charlene dehez1&#8243; _builder_version=&#8221;4.24.2&#8243; _module_preset=&#8221;default&#8221; global_colors_info=&#8221;{}&#8221;][\/et_pb_fullwidth_image][\/et_pb_section][et_pb_section fb_built=&#8221;1&#8243; _builder_version=&#8221;4.24.2&#8243; _module_preset=&#8221;default&#8221; background_color=&#8221;#ddddd2&#8243; global_colors_info=&#8221;{}&#8221;][et_pb_row column_structure=&#8221;1_2,1_2&#8243; _builder_version=&#8221;4.24.2&#8243; _module_preset=&#8221;default&#8221; global_colors_info=&#8221;{}&#8221;][et_pb_column type=&#8221;1_2&#8243; _builder_version=&#8221;4.24.2&#8243; _module_preset=&#8221;default&#8221; global_colors_info=&#8221;{}&#8221;][et_pb_image src=&#8221;https:\/\/maison-du-bien-etre-provence.fr\/wp-content\/uploads\/2024\/03\/charlene-dehez-ostheopathie.jpg&#8221; title_text=&#8221;Le Jardin d&#8217;hiver&#8221; _builder_version=&#8221;4.24.2&#8243; _module_preset=&#8221;default&#8221; width=&#8221;71.8%&#8221; custom_padding=&#8221;||4px|||&#8221; global_colors_info=&#8221;{}&#8221;][\/et_pb_image][\/et_pb_column][et_pb_column type=&#8221;1_2&#8243; _builder_version=&#8221;4.24.2&#8243; _module_preset=&#8221;default&#8221; global_colors_info=&#8221;{}&#8221;][et_pb_heading title=&#8221;ost\u00e9opathie&#8221; _builder_version=&#8221;4.24.2&#8243; _module_preset=&#8221;default&#8221; title_text_align=&#8221;center&#8221; custom_margin=&#8221;||||false|false&#8221; hover_enabled=&#8221;0&#8243; title_font_size_tablet=&#8221;&#8221; title_font_size_phone=&#8221;28px&#8221; title_font_size_last_edited=&#8221;on|phone&#8221; global_colors_info=&#8221;{}&#8221; sticky_enabled=&#8221;0&#8243;][\/et_pb_heading][et_pb_heading title=&#8221;Charl\u00e8ne marquez dehez&#8221; _builder_version=&#8221;4.24.2&#8243; _module_preset=&#8221;default&#8221; title_font_size=&#8221;29px&#8221; global_colors_info=&#8221;{}&#8221;][\/et_pb_heading][et_pb_text _builder_version=&#8221;4.24.2&#8243; _module_preset=&#8221;default&#8221; global_colors_info=&#8221;{}&#8221;]<\/p>\n<p class=\"p1\">Dipl\u00f4m\u00e9e au Coll\u00e8ge Ost\u00e9opathie de Provence \u00e0 Marseille en 2015, Charl\u00e8ne s\u2019est form\u00e9e au fil des ann\u00e9es pour approfondir sa pratique et ses connaissances dans la prise en charge des <strong>femmes<\/strong>, des <strong>femmes enceintes<\/strong>, des <strong>femmes en post partum<\/strong> et des <strong>enfants : dont<\/strong> <strong>les nouveau-n\u00e9s et les nourrissons<\/strong>.<\/p>\n<p>[\/et_pb_text][et_pb_heading _builder_version=&#8221;4.24.2&#8243; _module_preset=&#8221;default&#8221; custom_margin=&#8221;||||false|false&#8221; global_colors_info=&#8221;{}&#8221;][\/et_pb_heading][et_pb_text _builder_version=&#8221;4.24.2&#8243; _module_preset=&#8221;default&#8221; min_height=&#8221;37px&#8221; global_colors_info=&#8221;{}&#8221;]<\/p>\n<p class=\"p1\">Gr\u00e2ce \u00e0 ses formations, elle peut prendre en charge des femmes de la <strong>pubert\u00e9<\/strong> \u00e0 la <strong>m\u00e9nopause<\/strong>, qui souffrent de <strong>pathologies gyn\u00e9cologiques<\/strong> comme l\u2019<strong>endom\u00e9triose<\/strong>, <strong>SOPK<\/strong>\u2026 et les femmes qui sont dans une d\u00e9marche d\u2019un <strong>parcours PMA<\/strong>.<\/p>\n<p>[\/et_pb_text][\/et_pb_column][\/et_pb_row][et_pb_row column_structure=&#8221;1_2,1_2&#8243; _builder_version=&#8221;4.24.2&#8243; _module_preset=&#8221;default&#8221; global_colors_info=&#8221;{}&#8221;][et_pb_column type=&#8221;1_2&#8243; _builder_version=&#8221;4.24.2&#8243; _module_preset=&#8221;default&#8221; global_colors_info=&#8221;{}&#8221;][et_pb_blurb title=&#8221;la femme enceinte&#8221; image=&#8221;https:\/\/maison-du-bien-etre-provence.fr\/wp-content\/uploads\/2024\/03\/photos-corporate-lola-pianetti-0049-scaled.jpg&#8221; _builder_version=&#8221;4.24.2&#8243; _module_preset=&#8221;default&#8221; width=&#8221;66.2%&#8221; custom_margin=&#8221;|-370px||||&#8221; custom_padding=&#8221;|0px||||&#8221; global_colors_info=&#8221;{}&#8221;]<\/p>\n<p class=\"p1\">Elle accompagne en <strong>OST\u00c9OPATHIE<\/strong> les femmes enceintes pour soulager leurs maux de grossesse et les aider \u00e0 vivre cette p\u00e9riode unique dans le meilleur des conforts.<\/p>\n<p class=\"p1\">Sa formation en <strong>YOGA PR\u00c9NATAL de la m\u00e9thode Dilga<\/strong> lui a permis d\u2019avoir une approche plus compl\u00e8te vis-\u00e0-vis de la grossesse et du post-partum pour accompagner au mieux les femmes dans leur mobilit\u00e9.<\/p>\n<p>[\/et_pb_blurb][\/et_pb_column][et_pb_column type=&#8221;1_2&#8243; _builder_version=&#8221;4.24.2&#8243; _module_preset=&#8221;default&#8221; global_colors_info=&#8221;{}&#8221;][et_pb_blurb title=&#8221;B\u00e9b\u00e9, Enfant&#8221; image=&#8221;https:\/\/maison-du-bien-etre-provence.fr\/wp-content\/uploads\/2024\/03\/corporate-osteopathe-lola-pianetti-1132-scaled.jpg&#8221; image_icon_width=&#8221;71%&#8221; _builder_version=&#8221;4.24.2&#8243; _module_preset=&#8221;default&#8221; global_colors_info=&#8221;{}&#8221;]<\/p>\n<p class=\"p1\">La prise en charge des enfants est autant passionnante pour elle, que la prise en charge des femmes. Elle s\u2019est form\u00e9e en <strong>p\u00e9diatrie<\/strong>, sur le <strong>sommeil de l\u2019enfant<\/strong> et sur les <strong>freins de langue restrictifs<\/strong>. Toutes ces formations, lui permettent aujourd&#8217;hui de prendre en charge vos b\u00e9b\u00e9s au mieux en consultation.<\/p>\n<p>[\/et_pb_blurb][\/et_pb_column][\/et_pb_row][et_pb_row column_structure=&#8221;1_2,1_2&#8243; _builder_version=&#8221;4.24.2&#8243; _module_preset=&#8221;default&#8221; global_colors_info=&#8221;{}&#8221;][et_pb_column type=&#8221;1_2&#8243; _builder_version=&#8221;4.24.2&#8243; _module_preset=&#8221;default&#8221; global_colors_info=&#8221;{}&#8221;][et_pb_blurb title=&#8221;DRAINAGE LYMPHATIQUE&#8221; image=&#8221;https:\/\/maison-du-bien-etre-provence.fr\/wp-content\/uploads\/2024\/03\/photos-corporate-lola-pianetti-0154-scaled.jpg&#8221; image_icon_width=&#8221;46%&#8221; icon_alignment=&#8221;left&#8221; _builder_version=&#8221;4.24.2&#8243; _module_preset=&#8221;default&#8221; global_colors_info=&#8221;{}&#8221;]<\/p>\n<p class=\"p1\">Charl\u00e8ne a d\u00e9cid\u00e9 par la suite de suivre une formation en <strong>DRAINAGE LYMPHATIQUE de la <em>M\u00e9thode RENATA FRAN\u00c7A<\/em><\/strong> pour compl\u00e9ter sa pratique et ses connaissances sur le syst\u00e8me lymphatique.<\/p>\n<p>[\/et_pb_blurb][\/et_pb_column][et_pb_column type=&#8221;1_2&#8243; _builder_version=&#8221;4.24.2&#8243; _module_preset=&#8221;default&#8221; global_colors_info=&#8221;{}&#8221;][et_pb_blurb title=&#8221;DIEN CHAN &#8221; image=&#8221;https:\/\/maison-du-bien-etre-provence.fr\/wp-content\/uploads\/2024\/03\/charlene-dehez-dienchan2-1.jpg&#8221; image_icon_width=&#8221;36%&#8221; icon_alignment=&#8221;left&#8221; _builder_version=&#8221;4.24.2&#8243; _module_preset=&#8221;default&#8221; custom_margin=&#8221;|-126px||||&#8221; hover_enabled=&#8221;0&#8243; global_colors_info=&#8221;{}&#8221; content_last_edited=&#8221;on|phone&#8221; sticky_enabled=&#8221;0&#8243; body_text_align=&#8221;left&#8221; content_max_width=&#8221;531px&#8221; max_width=&#8221;98%&#8221; content_tablet=&#8221;<\/p>\n<p class=%22p1%22 style=%22text-align: left;%22>Elle est form\u00e9e \u00e9galement en <strong>DIEN CHAN<\/strong> niveau 3<\/p>\n<p class=%22p1%22 style=%22text-align: left;%22>Multi-reflexologie faciale<\/p>\n<p>&#8221; content_phone=&#8221;<\/p>\n<p class=%22p1%22 style=%22text-align: left;%22>Elle est form\u00e9e \u00e9galement en <strong>DIEN CHAN<\/strong> niveau 3<\/p>\n<p class=%22p1%22 style=%22text-align: left;%22>Multi-reflexologie faciale<\/p>\n<p>&#8220;]<\/p>\n<p class=\"p1\" style=\"text-align: left;\">Elle est form\u00e9e \u00e9galement en <strong>DIEN CHAN<\/strong> niveau 3<\/p>\n<p class=\"p1\" style=\"text-align: left;\">Multi-reflexologie faciale<\/p>\n<p>[\/et_pb_blurb][\/et_pb_column][\/et_pb_row][et_pb_row _builder_version=&#8221;4.24.2&#8243; _module_preset=&#8221;default&#8221; global_colors_info=&#8221;{}&#8221;][et_pb_column type=&#8221;4_4&#8243; _builder_version=&#8221;4.24.2&#8243; _module_preset=&#8221;default&#8221; global_colors_info=&#8221;{}&#8221;][et_pb_button button_url=&#8221;https:\/\/www.doctolib.fr\/doctors\/charlene+marquez+dehez\/salon-de-provence&#8221; button_text=&#8221;Prendre rendez-vous avec Charl\u00e8ne&#8221; button_alignment=&#8221;center&#8221; _builder_version=&#8221;4.24.2&#8243; _module_preset=&#8221;default&#8221; custom_button=&#8221;on&#8221; button_text_size=&#8221;17px&#8221; button_text_color=&#8221;#471F00&#8243; button_bg_color=&#8221;RGBA(255,255,255,0)&#8221; button_border_width=&#8221;2px&#8221; button_border_color=&#8221;#5A0C1C&#8221; button_border_radius=&#8221;30px&#8221; button_letter_spacing=&#8221;3px&#8221; locked=&#8221;off&#8221; global_colors_info=&#8221;{}&#8221;][\/et_pb_button][\/et_pb_column][\/et_pb_row][et_pb_row _builder_version=&#8221;4.24.2&#8243; _module_preset=&#8221;default&#8221; global_colors_info=&#8221;{}&#8221;][et_pb_column type=&#8221;4_4&#8243; _builder_version=&#8221;4.24.2&#8243; _module_preset=&#8221;default&#8221; global_colors_info=&#8221;{}&#8221;][et_pb_image src=&#8221;https:\/\/maison-du-bien-etre-provence.fr\/wp-content\/uploads\/2024\/03\/PHOTO-2024-03-04-10-39-44.jpg&#8221; title_text=&#8221;PHOTO-2024-03-04-10-39-44&#8243; _builder_version=&#8221;4.24.2&#8243; _module_preset=&#8221;default&#8221; width=&#8221;30.4%&#8221; width_tablet=&#8221;24%&#8221; width_phone=&#8221;70%&#8221; width_last_edited=&#8221;on|desktop&#8221; module_alignment=&#8221;center&#8221; custom_margin=&#8221;|-96px|54px|||&#8221; global_colors_info=&#8221;{}&#8221;][\/et_pb_image][et_pb_text _builder_version=&#8221;4.24.2&#8243; _module_preset=&#8221;default&#8221; text_orientation=&#8221;center&#8221; global_colors_info=&#8221;{}&#8221;]<\/p>\n<p><em>Photos : Lola Louise<\/em><\/p>\n<p>[\/et_pb_text][\/et_pb_column][\/et_pb_row][et_pb_row _builder_version=&#8221;4.24.2&#8243; _module_preset=&#8221;default&#8221; global_colors_info=&#8221;{}&#8221;][et_pb_column type=&#8221;4_4&#8243; _builder_version=&#8221;4.24.2&#8243; _module_preset=&#8221;default&#8221; global_colors_info=&#8221;{}&#8221;][et_pb_image src=&#8221;https:\/\/maison-du-bien-etre-provence.fr\/wp-content\/uploads\/2024\/04\/logo-la-maison-tr.png&#8221; title_text=&#8221;logo- la maison-tr&#8221; url=&#8221;https:\/\/maison-du-bien-etre-provence.fr\/&#8221; _builder_version=&#8221;4.24.2&#8243; _module_preset=&#8221;default&#8221; width=&#8221;17%&#8221; width_tablet=&#8221;17%&#8221; width_phone=&#8221;44%&#8221; width_last_edited=&#8221;on|phone&#8221; module_alignment=&#8221;center&#8221; locked=&#8221;off&#8221; global_colors_info=&#8221;{}&#8221;][\/et_pb_image][\/et_pb_column][\/et_pb_row][\/et_pb_section]<\/p>\n","protected":false},"excerpt":{"rendered":"<p>Dipl\u00f4m\u00e9e au Coll\u00e8ge Ost\u00e9opathie de Provence \u00e0 Marseille en 2015, Charl\u00e8ne s\u2019est form\u00e9e au fil des ann\u00e9es pour approfondir sa pratique et ses connaissances dans la prise en charge des femmes, des femmes enceintes, des femmes en post partum et des enfants : dont les nouveau-n\u00e9s et les nourrissons.Gr\u00e2ce \u00e0 ses formations, elle peut prendre [&hellip;]<\/p>\n","protected":false},"author":1,"featured_media":0,"parent":0,"menu_order":0,"comment_status":"closed","ping_status":"closed","template":"","meta":{"_et_pb_use_builder":"on","_et_pb_old_content":"","_et_gb_content_width":"","footnotes":""},"_links":{"self":[{"href":"https:\/\/maison-du-bien-etre-provence.fr\/index.php?rest_route=\/wp\/v2\/pages\/141"}],"collection":[{"href":"https:\/\/maison-du-bien-etre-provence.fr\/index.php?rest_route=\/wp\/v2\/pages"}],"about":[{"href":"https:\/\/maison-du-bien-etre-provence.fr\/index.php?rest_route=\/wp\/v2\/types\/page"}],"author":[{"embeddable":true,"href":"https:\/\/maison-du-bien-etre-provence.fr\/index.php?rest_route=\/wp\/v2\/users\/1"}],"replies":[{"embeddable":true,"href":"https:\/\/maison-du-bien-etre-provence.fr\/index.php?rest_route=%2Fwp%2Fv2%2Fcomments&post=141"}],"version-history":[{"count":33,"href":"https:\/\/maison-du-bien-etre-provence.fr\/index.php?rest_route=\/wp\/v2\/pages\/141\/revisions"}],"predecessor-version":[{"id":813,"href":"https:\/\/maison-du-bien-etre-provence.fr\/index.php?rest_route=\/wp\/v2\/pages\/141\/revisions\/813"}],"wp:attachment":[{"href":"https:\/\/maison-du-bien-etre-provence.fr\/index.php?rest_route=%2Fwp%2Fv2%2Fmedia&parent=141"}],"curies":[{"name":"wp","href":"https:\/\/api.w.org\/{rel}","templated":true}]}}

Ostéopathie

<p>[et_pb_section fb_built=&#8221;1&#8243; fullwidth=&#8221;on&#8221; _builder_version=&#8221;4.24.2&#8243; _module_preset=&#8221;default&#8221; global_colors_info=&#8221;{}&#8221;][et_pb_fullwidth_image src=&#8221;https://maison-du-bien-etre-provence.fr/wp-content/uploads/2024/03/osteopathe-charlene-dehez1.jpg&#8221; title_text=&#8221;ostéopathe &#8211; charlene dehez1&#8243; _builder_version=&#8221;4.24.2&#8243; _module_preset=&#8221;default&#8221; global_colors_info=&#8221;{}&#8221;][/et_pb_fullwidth_image][/et_pb_section][et_pb_section fb_built=&#8221;1&#8243; _builder_version=&#8221;4.24.2&#8243; _module_preset=&#8221;default&#8221; background_color=&#8221;#ddddd2&#8243; global_colors_info=&#8221;{}&#8221;][et_pb_row column_structure=&#8221;1_2,1_2&#8243; _builder_version=&#8221;4.24.2&#8243; _module_preset=&#8221;default&#8221; global_colors_info=&#8221;{}&#8221;][et_pb_column type=&#8221;1_2&#8243; _builder_version=&#8221;4.24.2&#8243; _module_preset=&#8221;default&#8221; global_colors_info=&#8221;{}&#8221;][et_pb_image src=&#8221;https://maison-du-bien-etre-provence.fr/wp-content/uploads/2024/03/charlene-dehez-ostheopathie.jpg&#8221; title_text=&#8221;Le Jardin d&#8217;hiver&#8221; _builder_version=&#8221;4.24.2&#8243; _module_preset=&#8221;default&#8221; width=&#8221;71.8%&#8221; custom_padding=&#8221;||4px|||&#8221; global_colors_info=&#8221;{}&#8221;][/et_pb_image][/et_pb_column][et_pb_column type=&#8221;1_2&#8243; _builder_version=&#8221;4.24.2&#8243; _module_preset=&#8221;default&#8221; global_colors_info=&#8221;{}&#8221;][et_pb_heading title=&#8221;ostéopathie&#8221; _builder_version=&#8221;4.24.2&#8243; _module_preset=&#8221;default&#8221; title_text_align=&#8221;center&#8221; custom_margin=&#8221;||||false|false&#8221; hover_enabled=&#8221;0&#8243; title_font_size_tablet=&#8221;&#8221; title_font_size_phone=&#8221;28px&#8221; title_font_size_last_edited=&#8221;on|phone&#8221; global_colors_info=&#8221;{}&#8221; sticky_enabled=&#8221;0&#8243;][/et_pb_heading][et_pb_heading title=&#8221;Charlène marquez dehez&#8221; _builder_version=&#8221;4.24.2&#8243; _module_preset=&#8221;default&#8221; title_font_size=&#8221;29px&#8221; global_colors_info=&#8221;{}&#8221;][/et_pb_heading][et_pb_text _builder_version=&#8221;4.24.2&#8243; _module_preset=&#8221;default&#8221; global_colors_info=&#8221;{}&#8221;]</p>
<p class="p1">Diplômée au Collège Ostéopathie de Provence à Marseille en 2015, Charlène s’est formée au fil des années pour approfondir sa pratique et ses connaissances dans la prise en charge des <strong>femmes</strong>, des <strong>femmes enceintes</strong>, des <strong>femmes en post partum</strong> et des <strong>enfants : dont</strong> <strong>les nouveau-nés et les nourrissons</strong>.</p>
<p>[/et_pb_text][et_pb_heading _builder_version=&#8221;4.24.2&#8243; _module_preset=&#8221;default&#8221; custom_margin=&#8221;||||false|false&#8221; global_colors_info=&#8221;{}&#8221;][/et_pb_heading][et_pb_text _builder_version=&#8221;4.24.2&#8243; _module_preset=&#8221;default&#8221; min_height=&#8221;37px&#8221; global_colors_info=&#8221;{}&#8221;]</p>
<p class="p1">Grâce à ses formations, elle peut prendre en charge des femmes de la <strong>puberté</strong> à la <strong>ménopause</strong>, qui souffrent de <strong>pathologies gynécologiques</strong> comme l’<strong>endométriose</strong>, <strong>SOPK</strong>… et les femmes qui sont dans une démarche d’un <strong>parcours PMA</strong>.</p>
<p>[/et_pb_text][/et_pb_column][/et_pb_row][et_pb_row column_structure=&#8221;1_2,1_2&#8243; _builder_version=&#8221;4.24.2&#8243; _module_preset=&#8221;default&#8221; global_colors_info=&#8221;{}&#8221;][et_pb_column type=&#8221;1_2&#8243; _builder_version=&#8221;4.24.2&#8243; _module_preset=&#8221;default&#8221; global_colors_info=&#8221;{}&#8221;][et_pb_blurb title=&#8221;la femme enceinte&#8221; image=&#8221;https://maison-du-bien-etre-provence.fr/wp-content/uploads/2024/03/photos-corporate-lola-pianetti-0049-scaled.jpg&#8221; _builder_version=&#8221;4.24.2&#8243; _module_preset=&#8221;default&#8221; width=&#8221;66.2%&#8221; custom_margin=&#8221;|-370px||||&#8221; custom_padding=&#8221;|0px||||&#8221; global_colors_info=&#8221;{}&#8221;]</p>
<p class="p1">Elle accompagne en <strong>OSTÉOPATHIE</strong> les femmes enceintes pour soulager leurs maux de grossesse et les aider à vivre cette période unique dans le meilleur des conforts.</p>
<p class="p1">Sa formation en <strong>YOGA PRÉNATAL de la méthode Dilga</strong> lui a permis d’avoir une approche plus complète vis-à-vis de la grossesse et du post-partum pour accompagner au mieux les femmes dans leur mobilité.</p>
<p>[/et_pb_blurb][/et_pb_column][et_pb_column type=&#8221;1_2&#8243; _builder_version=&#8221;4.24.2&#8243; _module_preset=&#8221;default&#8221; global_colors_info=&#8221;{}&#8221;][et_pb_blurb title=&#8221;Bébé, Enfant&#8221; image=&#8221;https://maison-du-bien-etre-provence.fr/wp-content/uploads/2024/03/corporate-osteopathe-lola-pianetti-1132-scaled.jpg&#8221; image_icon_width=&#8221;71%&#8221; _builder_version=&#8221;4.24.2&#8243; _module_preset=&#8221;default&#8221; global_colors_info=&#8221;{}&#8221;]</p>
<p class="p1">La prise en charge des enfants est autant passionnante pour elle, que la prise en charge des femmes. Elle s’est formée en <strong>pédiatrie</strong>, sur le <strong>sommeil de l’enfant</strong> et sur les <strong>freins de langue restrictifs</strong>. Toutes ces formations, lui permettent aujourd&#8217;hui de prendre en charge vos bébés au mieux en consultation.</p>
<p>[/et_pb_blurb][/et_pb_column][/et_pb_row][et_pb_row column_structure=&#8221;1_2,1_2&#8243; _builder_version=&#8221;4.24.2&#8243; _module_preset=&#8221;default&#8221; global_colors_info=&#8221;{}&#8221;][et_pb_column type=&#8221;1_2&#8243; _builder_version=&#8221;4.24.2&#8243; _module_preset=&#8221;default&#8221; global_colors_info=&#8221;{}&#8221;][et_pb_blurb title=&#8221;DRAINAGE LYMPHATIQUE&#8221; image=&#8221;https://maison-du-bien-etre-provence.fr/wp-content/uploads/2024/03/photos-corporate-lola-pianetti-0154-scaled.jpg&#8221; image_icon_width=&#8221;46%&#8221; icon_alignment=&#8221;left&#8221; _builder_version=&#8221;4.24.2&#8243; _module_preset=&#8221;default&#8221; global_colors_info=&#8221;{}&#8221;]</p>
<p class="p1">Charlène a décidé par la suite de suivre une formation en <strong>DRAINAGE LYMPHATIQUE de la <em>Méthode RENATA FRANÇA</em></strong> pour compléter sa pratique et ses connaissances sur le système lymphatique.</p>
<p>[/et_pb_blurb][/et_pb_column][et_pb_column type=&#8221;1_2&#8243; _builder_version=&#8221;4.24.2&#8243; _module_preset=&#8221;default&#8221; global_colors_info=&#8221;{}&#8221;][et_pb_blurb title=&#8221;DIEN CHAN &#8221; image=&#8221;https://maison-du-bien-etre-provence.fr/wp-content/uploads/2024/03/charlene-dehez-dienchan2-1.jpg&#8221; image_icon_width=&#8221;36%&#8221; icon_alignment=&#8221;left&#8221; _builder_version=&#8221;4.24.2&#8243; _module_preset=&#8221;default&#8221; custom_margin=&#8221;|-126px||||&#8221; hover_enabled=&#8221;0&#8243; global_colors_info=&#8221;{}&#8221; content_last_edited=&#8221;on|phone&#8221; sticky_enabled=&#8221;0&#8243; body_text_align=&#8221;left&#8221; content_max_width=&#8221;531px&#8221; max_width=&#8221;98%&#8221; content_tablet=&#8221;</p>
<p class=%22p1%22 style=%22text-align: left;%22>Elle est formée également en <strong>DIEN CHAN</strong> niveau 3</p>
<p class=%22p1%22 style=%22text-align: left;%22>Multi-reflexologie faciale</p>
<p>&#8221; content_phone=&#8221;</p>
<p class=%22p1%22 style=%22text-align: left;%22>Elle est formée également en <strong>DIEN CHAN</strong> niveau 3</p>
<p class=%22p1%22 style=%22text-align: left;%22>Multi-reflexologie faciale</p>
<p>&#8220;]</p>
<p class="p1" style="text-align: left;">Elle est formée également en <strong>DIEN CHAN</strong> niveau 3</p>
<p class="p1" style="text-align: left;">Multi-reflexologie faciale</p>
<p>[/et_pb_blurb][/et_pb_column][/et_pb_row][et_pb_row _builder_version=&#8221;4.24.2&#8243; _module_preset=&#8221;default&#8221; global_colors_info=&#8221;{}&#8221;][et_pb_column type=&#8221;4_4&#8243; _builder_version=&#8221;4.24.2&#8243; _module_preset=&#8221;default&#8221; global_colors_info=&#8221;{}&#8221;][et_pb_button button_url=&#8221;https://www.doctolib.fr/doctors/charlene+marquez+dehez/salon-de-provence&#8221; button_text=&#8221;Prendre rendez-vous avec Charlène&#8221; button_alignment=&#8221;center&#8221; _builder_version=&#8221;4.24.2&#8243; _module_preset=&#8221;default&#8221; custom_button=&#8221;on&#8221; button_text_size=&#8221;17px&#8221; button_text_color=&#8221;#471F00&#8243; button_bg_color=&#8221;RGBA(255,255,255,0)&#8221; button_border_width=&#8221;2px&#8221; button_border_color=&#8221;#5A0C1C&#8221; button_border_radius=&#8221;30px&#8221; button_letter_spacing=&#8221;3px&#8221; locked=&#8221;off&#8221; global_colors_info=&#8221;{}&#8221;][/et_pb_button][/et_pb_column][/et_pb_row][et_pb_row _builder_version=&#8221;4.24.2&#8243; _module_preset=&#8221;default&#8221; global_colors_info=&#8221;{}&#8221;][et_pb_column type=&#8221;4_4&#8243; _builder_version=&#8221;4.24.2&#8243; _module_preset=&#8221;default&#8221; global_colors_info=&#8221;{}&#8221;][et_pb_image src=&#8221;https://maison-du-bien-etre-provence.fr/wp-content/uploads/2024/03/PHOTO-2024-03-04-10-39-44.jpg&#8221; title_text=&#8221;PHOTO-2024-03-04-10-39-44&#8243; _builder_version=&#8221;4.24.2&#8243; _module_preset=&#8221;default&#8221; width=&#8221;30.4%&#8221; width_tablet=&#8221;24%&#8221; width_phone=&#8221;70%&#8221; width_last_edited=&#8221;on|desktop&#8221; module_alignment=&#8221;center&#8221; custom_margin=&#8221;|-96px|54px|||&#8221; global_colors_info=&#8221;{}&#8221;][/et_pb_image][et_pb_text _builder_version=&#8221;4.24.2&#8243; _module_preset=&#8221;default&#8221; text_orientation=&#8221;center&#8221; global_colors_info=&#8221;{}&#8221;]</p>
<p><em>Photos : Lola Louise</em></p>
<p>[/et_pb_text][/et_pb_column][/et_pb_row][et_pb_row _builder_version=&#8221;4.24.2&#8243; _module_preset=&#8221;default&#8221; global_colors_info=&#8221;{}&#8221;][et_pb_column type=&#8221;4_4&#8243; _builder_version=&#8221;4.24.2&#8243; _module_preset=&#8221;default&#8221; global_colors_info=&#8221;{}&#8221;][et_pb_image src=&#8221;https://maison-du-bien-etre-provence.fr/wp-content/uploads/2024/04/logo-la-maison-tr.png&#8221; title_text=&#8221;logo- la maison-tr&#8221; url=&#8221;https://maison-du-bien-etre-provence.fr/&#8221; _builder_version=&#8221;4.24.2&#8243; _module_preset=&#8221;default&#8221; width=&#8221;17%&#8221; width_tablet=&#8221;17%&#8221; width_phone=&#8221;44%&#8221; width_last_edited=&#8221;on|phone&#8221; module_alignment=&#8221;center&#8221; locked=&#8221;off&#8221; global_colors_info=&#8221;{}&#8221;][/et_pb_image][/et_pb_column][/et_pb_row][/et_pb_section]</p>

<p>Diplômée au Collège Ostéopathie de Provence à Marseille en 2015, Charlène s’est formée au fil des années pour approfondir sa pratique et ses connaissances dans la prise en charge des femmes, des femmes enceintes, des femmes en post partum et des enfants : dont les nouveau-nés et les nourrissons.Grâce à ses formations, elle peut prendre [&hellip;]</p>
