{"id":16,"date":"2024-03-03T14:42:00","date_gmt":"2024-03-03T13:42:00","guid":{"rendered":"https:\/\/maison-du-bien-etre-provence.fr\/?page_id=16"},"modified":"2026-04-15T09:59:05","modified_gmt":"2026-04-15T07:59:05","slug":"massage-bien-etre","status":"publish","type":"page","link":"https:\/\/maison-du-bien-etre-provence.fr\/?page_id=16","title":{"rendered":"Massage bien-\u00eatre"},"content":{"rendered":"<p>[et_pb_section fb_built=&#8221;1&#8243; fullwidth=&#8221;on&#8221; _builder_version=&#8221;4.24.2&#8243; _module_preset=&#8221;default&#8221; global_colors_info=&#8221;{}&#8221;][et_pb_fullwidth_image src=&#8221;https:\/\/maison-du-bien-etre-provence.fr\/wp-content\/uploads\/2024\/04\/paola-vallet-massage-biodynamique-scaled.jpg&#8221; title_text=&#8221;Portrait de Paola&#8221; _builder_version=&#8221;4.24.2&#8243; _module_preset=&#8221;default&#8221; global_colors_info=&#8221;{}&#8221;][\/et_pb_fullwidth_image][\/et_pb_section][et_pb_section fb_built=&#8221;1&#8243; admin_label=&#8221;section&#8221; _builder_version=&#8221;4.24.2&#8243; background_color=&#8221;#ddddd2&#8243; global_colors_info=&#8221;{}&#8221;][et_pb_row _builder_version=&#8221;4.24.2&#8243; _module_preset=&#8221;default&#8221; global_colors_info=&#8221;{}&#8221;][et_pb_column type=&#8221;4_4&#8243; _builder_version=&#8221;4.24.2&#8243; _module_preset=&#8221;default&#8221; global_colors_info=&#8221;{}&#8221;][et_pb_heading title=&#8221;Massage bien-\u00eatre biodynamique&#8221; _builder_version=&#8221;4.24.2&#8243; _module_preset=&#8221;default&#8221; title_text_align=&#8221;center&#8221; title_font_size=&#8221;50px&#8221; title_font_size_tablet=&#8221;50px&#8221; title_font_size_phone=&#8221;39px&#8221; title_font_size_last_edited=&#8221;on|phone&#8221; global_colors_info=&#8221;{}&#8221;][\/et_pb_heading][et_pb_heading title=&#8221;Paola k. vallet&#8221; _builder_version=&#8221;4.24.2&#8243; _module_preset=&#8221;default&#8221; global_colors_info=&#8221;{}&#8221;][\/et_pb_heading][et_pb_text _builder_version=&#8221;4.24.2&#8243; _module_preset=&#8221;default&#8221; text_orientation=&#8221;justified&#8221; global_colors_info=&#8221;{}&#8221;]<\/p>\n<p><strong>Praticienne certifi\u00e9e en massages bien-\u00eatre en 2018 (<em>Biopulse Formations, Paris)<\/em> et agr\u00e9\u00e9e par la F\u00e9d\u00e9ration Fran\u00e7aise de Massage Bien-\u00eatre (FFMBE)<\/strong>, Paola s&#8217;est laiss\u00e9e guider par son intuition qui la poussait \u00e0 poursuivre ses formations afin de d\u00e9velopper sa qualit\u00e9 de toucher et d&#8217;\u00e9coute.<\/p>\n<p>C&#8217;est donc tout naturellement qu&#8217;elle s&#8217;est <strong>sp\u00e9cialis\u00e9e en Massage Biodynamique en 2019, <\/strong>cycle qu&#8217;elle a appronfondi par un <strong>Niveau 2<\/strong> effectu\u00e9 en 2023 (<strong><em>Arborescens,<\/em><\/strong><strong><em> Formations en th\u00e9rapies psycho corporelles) <\/em><\/strong>.<\/p>\n<p>Anim\u00e9e par l&#8217;envie d&#8217;accompagner au mieux les personnes qui font appel \u00e0 elle, Paola continue \u00e0 se former pour compl\u00e9ter toujours davantage sa &#8220;bo\u00eete \u00e0 outil&#8221;.<\/p>\n<p>[\/et_pb_text][\/et_pb_column][\/et_pb_row][et_pb_row column_structure=&#8221;1_2,1_2&#8243; _builder_version=&#8221;4.24.2&#8243; _module_preset=&#8221;default&#8221; global_colors_info=&#8221;{}&#8221;][et_pb_column type=&#8221;1_2&#8243; _builder_version=&#8221;4.24.2&#8243; _module_preset=&#8221;default&#8221; global_colors_info=&#8221;{}&#8221;][et_pb_blurb image=&#8221;https:\/\/maison-du-bien-etre-provence.fr\/wp-content\/uploads\/2024\/03\/IMG_5930.jpg&#8221; image_icon_width=&#8221;95%&#8221; icon_alignment=&#8221;left&#8221; _builder_version=&#8221;4.24.2&#8243; _module_preset=&#8221;default&#8221; header_font_size=&#8221;30px&#8221; global_colors_info=&#8221;{}&#8221;][\/et_pb_blurb][\/et_pb_column][et_pb_column type=&#8221;1_2&#8243; _builder_version=&#8221;4.24.2&#8243; _module_preset=&#8221;default&#8221; global_colors_info=&#8221;{}&#8221;][et_pb_blurb title=&#8221;Massage biodynamique&#8221; image_icon_width=&#8221;95%&#8221; icon_alignment=&#8221;left&#8221; _builder_version=&#8221;4.24.2&#8243; _module_preset=&#8221;default&#8221; header_font_size=&#8221;30px&#8221; text_orientation=&#8221;justified&#8221; global_colors_info=&#8221;{}&#8221;]<\/p>\n<p>Issu d&#8217;une approche psycho corporelle d\u00e9velopp\u00e9e \u00e0 partir des ann\u00e9es 50 par la psychologue et physioth\u00e9rapeute norv\u00e9gienne <strong><em>Gerda Boyesen<\/em><\/strong>, le<strong> Massage Biodynamique<\/strong> repose sur le <strong><em>principe de l&#8217;autor\u00e9gulation du corps<\/em><\/strong>.<\/p>\n<p><span>Cette approche part du principe que nous sommes tous impact\u00e9s par des \u00e9v\u00e8nements dans nos vies, des chocs \u00e9motionnels, parfois juste des situations, heureuses ou non, qui cr\u00e9ent des micro contractions dans notre corps et qui nous demandent des r\u00e9ajustements inconscients permanents, plus ou moins importants, plus ou moins positifs aussi. Le Massage Biodynamique va permettre au corps de retrouver une certaine fluidit\u00e9, et par l\u00e0 m\u00eame, de se frayer<em><\/em><strong><em> un chemin vers un \u00ab\u00a0mieux-\u00eatre\u00a0\u00bb<\/em><\/strong>.<\/span><\/p>\n<p><span>C&#8217;est un massage qui permet de se reconnecter \u00e0 soi, de<em><strong> r\u00e9tablir le lien entre corps et esprit<\/strong><\/em>.<\/span><\/p>\n<p>[\/et_pb_blurb][\/et_pb_column][\/et_pb_row][et_pb_row _builder_version=&#8221;4.24.2&#8243; _module_preset=&#8221;default&#8221; global_colors_info=&#8221;{}&#8221;][et_pb_column type=&#8221;4_4&#8243; _builder_version=&#8221;4.24.2&#8243; _module_preset=&#8221;default&#8221; global_colors_info=&#8221;{}&#8221;][et_pb_blurb title=&#8221;Personnes fragiles, femmes enceintes, enfants&#8221; image=&#8221;https:\/\/maison-du-bien-etre-provence.fr\/wp-content\/uploads\/2024\/04\/paola-vallet-massage-biodynamique-contenant-1-scaled.jpg&#8221; image_icon_width=&#8221;100%&#8221; content_max_width=&#8221;773px&#8221; _builder_version=&#8221;4.24.2&#8243; _module_preset=&#8221;default&#8221; header_text_align=&#8221;left&#8221; text_orientation=&#8221;justified&#8221; global_colors_info=&#8221;{}&#8221;]<\/p>\n<p>Chaque personne porte en soi une fragilit\u00e9.<\/p>\n<p>Parfois passag\u00e8re, faisant suite \u00e0 un \u00e9pisode douloureux de la vie, qu\u2019il soit physique ou psychique, ou \u00e0 une maladie qui vient donner un coup d\u2019arr\u00eat \u00e0 un \u00e9lan de vie. Parfois durable, pour nos a\u00een\u00e9s qui voient leur force diminuer ou la solitude devenir un fardeau dans leur quotidien.<\/p>\n<p>Le massage est ici<em><\/em><strong><em> un accompagnement par le toucher pour soutenir, apaiser, soulager.<\/em><\/strong><\/p>\n<p><em><strong>Le toucher conscient<\/strong><\/em> principale caract\u00e9ristique du Massage Biodynamique permet au masseur par sa qualit\u00e9 de pr\u00e9sence et d&#8217;\u00e9coute, de s\u2019adapter \u00e0 une souffrance, \u00e0 une attente particuli\u00e8re.<\/p>\n<p>[\/et_pb_blurb][\/et_pb_column][\/et_pb_row][et_pb_row column_structure=&#8221;3_5,2_5&#8243; _builder_version=&#8221;4.24.2&#8243; _module_preset=&#8221;default&#8221; global_colors_info=&#8221;{}&#8221;][et_pb_column type=&#8221;3_5&#8243; _builder_version=&#8221;4.24.2&#8243; _module_preset=&#8221;default&#8221; global_colors_info=&#8221;{}&#8221;][et_pb_blurb title=&#8221;Massage \u00e0 l&#8217;huile, massage mixte.&#8221; image=&#8221;https:\/\/maison-du-bien-etre-provence.fr\/wp-content\/uploads\/2024\/03\/massage-aux-huiles-paola-vallet.jpg&#8221; image_icon_width=&#8221;100%&#8221; _builder_version=&#8221;4.24.2&#8243; _module_preset=&#8221;default&#8221; body_text_align=&#8221;justify&#8221; global_colors_info=&#8221;{}&#8221;]<\/p>\n<p>Le <strong>Massage Bien-\u00eatre aux Huiles Essentielles<\/strong> est un massage global qui s\u2019inspire de plusieurs techniques de massages du monde, avec en particulier, celles emprunt\u00e9es au Massage Californien, au Massage Su\u00e9dois, ou au Massage Tha\u00ef.<\/p>\n<p>Chaque s\u00e9ance se ressemble sans \u00eatre jamais tout \u00e0 fait la m\u00eame. L\u2019objectif ici n\u2019est pas d\u2019appliquer un protocole \u00e9tabli d\u2019avance, mais de r\u00e9pondre aux besoins de l\u2019instant.<\/p>\n<p>Le <strong>Massage Mixte<\/strong> s\u2019adresse \u00e0 celles et ceux qui sont ind\u00e9cis, qui voudraient tenter l\u2019exp\u00e9rience du Massage Biodynamique, tout en conservant l\u2019approche d\u2019un massage global plus traditionnel \u00e0 l\u2019huile.<\/p>\n<p>C\u2019est un massage qui alterne donc un toucher \u2013 gliss\u00e9 \u00e0 l\u2019huile, et un toucher biodynamique \u00e0 sec, avec une \u00e9coute et une intention plus affin\u00e9e.<\/p>\n<p>[\/et_pb_blurb][\/et_pb_column][et_pb_column type=&#8221;2_5&#8243; _builder_version=&#8221;4.24.2&#8243; _module_preset=&#8221;default&#8221; global_colors_info=&#8221;{}&#8221;][et_pb_blurb title=&#8221;Rituel Visage aux 3 couleurs&#8221; image=&#8221;https:\/\/maison-du-bien-etre-provence.fr\/wp-content\/uploads\/2026\/04\/Rituel-visage-3-couleurs.png&#8221; image_icon_width=&#8221;67%&#8221; _builder_version=&#8221;4.24.2&#8243; _module_preset=&#8221;default&#8221; header_level=&#8221;h2&#8243; body_text_align=&#8221;justify&#8221; hover_enabled=&#8221;0&#8243; global_colors_info=&#8221;{}&#8221; title_text=&#8221;Rituel visage 3 couleurs&#8221; sticky_enabled=&#8221;0&#8243;]<\/p>\n<p>La fatigue, le stress, le temps\u2026 laissent leur empreinte sur notre visage.<\/p>\n<p>Le Rituel \u00e0 la rose \u00e9volue\u2026<\/p>\n<p>et s\u2019ouvre aujourd\u2019hui \u00e0 un rituel aux 3 couleurs.<\/p>\n<p>Trois \u00e9lixirs botaniques, trois \u00e9nergies, pour s\u2019adapter encore plus finement aux besoins de votre peau et \u00e0 l\u2019instant pr\u00e9sent.<\/p>\n<p>Inspir\u00e9 des traditions japonaises, ce massage du visage allie gestes pr\u00e9cis, chaleur et textures sensorielles.<\/p>\n<p>Chaque s\u00e9ance devient unique.\u00a0<\/p>\n<p>Un moment pour lisser, drainer, illuminer\u2026 et profond\u00e9ment rel\u00e2cher.<\/p>\n<p>Plus qu\u2019un soin, une exp\u00e9rience vivante.<\/p>\n<p>[\/et_pb_blurb][\/et_pb_column][\/et_pb_row][et_pb_row _builder_version=&#8221;4.24.2&#8243; _module_preset=&#8221;default&#8221; global_colors_info=&#8221;{}&#8221;][et_pb_column type=&#8221;4_4&#8243; _builder_version=&#8221;4.24.2&#8243; _module_preset=&#8221;default&#8221; global_colors_info=&#8221;{}&#8221;][et_pb_button button_url=&#8221;https:\/\/lheure-passagere.fr\/reserver-votre-massage&#8221; button_text=&#8221;Prendre rendez-vous avec Paola&#8221; button_alignment=&#8221;center&#8221; _builder_version=&#8221;4.24.2&#8243; _module_preset=&#8221;default&#8221; custom_button=&#8221;on&#8221; button_text_size=&#8221;17px&#8221; button_text_color=&#8221;#471F00&#8243; button_bg_color=&#8221;RGBA(255,255,255,0)&#8221; button_border_width=&#8221;2px&#8221; button_border_color=&#8221;#5A0C1C&#8221; button_border_radius=&#8221;30px&#8221; button_letter_spacing=&#8221;3px&#8221; locked=&#8221;off&#8221; global_colors_info=&#8221;{}&#8221;][\/et_pb_button][\/et_pb_column][\/et_pb_row][et_pb_row _builder_version=&#8221;4.24.2&#8243; _module_preset=&#8221;default&#8221; global_colors_info=&#8221;{}&#8221;][et_pb_column type=&#8221;4_4&#8243; _builder_version=&#8221;4.24.2&#8243; _module_preset=&#8221;default&#8221; global_colors_info=&#8221;{}&#8221;][et_pb_image src=&#8221;https:\/\/maison-du-bien-etre-provence.fr\/wp-content\/uploads\/2024\/03\/Paola-Vallet-masseuse-biodynamique.jpg&#8221; title_text=&#8221;Paola Vallet masseuse biodynamique&#8221; _builder_version=&#8221;4.24.2&#8243; _module_preset=&#8221;default&#8221; width=&#8221;19%&#8221; width_tablet=&#8221;24%&#8221; width_phone=&#8221;71%&#8221; width_last_edited=&#8221;on|phone&#8221; module_alignment=&#8221;center&#8221; global_colors_info=&#8221;{}&#8221;][\/et_pb_image][et_pb_text _builder_version=&#8221;4.24.2&#8243; _module_preset=&#8221;default&#8221; header_text_align=&#8221;justify&#8221; text_orientation=&#8221;justified&#8221; width=&#8221;96%&#8221; module_alignment=&#8221;left&#8221; global_colors_info=&#8221;{}&#8221;]<\/p>\n<p style=\"text-align: center;\"><em>Photos par Lola Louise Photographe<\/em><\/p>\n<p>[\/et_pb_text][\/et_pb_column][\/et_pb_row][et_pb_row column_structure=&#8221;1_3,1_3,1_3&#8243; _builder_version=&#8221;4.24.2&#8243; _module_preset=&#8221;default&#8221; global_colors_info=&#8221;{}&#8221;][et_pb_column type=&#8221;1_3&#8243; _builder_version=&#8221;4.24.2&#8243; _module_preset=&#8221;default&#8221; global_colors_info=&#8221;{}&#8221;][et_pb_image src=&#8221;https:\/\/maison-du-bien-etre-provence.fr\/wp-content\/uploads\/2024\/03\/logo-07.png&#8221; title_text=&#8221;logo-07&#8243; url=&#8221;https:\/\/lheure-passagere.fr&#8221; _builder_version=&#8221;4.24.2&#8243; _module_preset=&#8221;default&#8221; width=&#8221;35%&#8221; module_alignment=&#8221;center&#8221; global_colors_info=&#8221;{}&#8221;][\/et_pb_image][\/et_pb_column][et_pb_column type=&#8221;1_3&#8243; _builder_version=&#8221;4.24.2&#8243; _module_preset=&#8221;default&#8221; global_colors_info=&#8221;{}&#8221;][et_pb_image src=&#8221;https:\/\/maison-du-bien-etre-provence.fr\/wp-content\/uploads\/2024\/04\/logo-la-maison-tr.png&#8221; title_text=&#8221;logo- la maison-tr&#8221; url=&#8221;https:\/\/maison-du-bien-etre-provence.fr\/&#8221; _builder_version=&#8221;4.24.2&#8243; _module_preset=&#8221;default&#8221; width=&#8221;46%&#8221; width_tablet=&#8221;17%&#8221; width_phone=&#8221;44%&#8221; width_last_edited=&#8221;on|phone&#8221; module_alignment=&#8221;center&#8221; global_colors_info=&#8221;{}&#8221;][\/et_pb_image][\/et_pb_column][et_pb_column type=&#8221;1_3&#8243; _builder_version=&#8221;4.24.2&#8243; _module_preset=&#8221;default&#8221; global_colors_info=&#8221;{}&#8221;][et_pb_image src=&#8221;https:\/\/maison-du-bien-etre-provence.fr\/wp-content\/uploads\/2024\/03\/logo-FFMBE.jpg&#8221; title_text=&#8221;logo FFMBE&#8221; url=&#8221;https:\/\/francemassage.org\/places\/lheure-passagere\/&#8221; _builder_version=&#8221;4.24.2&#8243; _module_preset=&#8221;default&#8221; width=&#8221;29%&#8221; module_alignment=&#8221;center&#8221; locked=&#8221;off&#8221; global_colors_info=&#8221;{}&#8221;][\/et_pb_image][\/et_pb_column][\/et_pb_row][\/et_pb_section]<\/p>\n","protected":false},"excerpt":{"rendered":"<p>Praticienne certifi\u00e9e en massages bien-\u00eatre en 2018 (Biopulse Formations, Paris) et agr\u00e9\u00e9e par la F\u00e9d\u00e9ration Fran\u00e7aise de Massage Bien-\u00eatre (FFMBE), Paola s&#8217;est laiss\u00e9e guider par son intuition qui la poussait \u00e0 poursuivre ses formations afin de d\u00e9velopper sa qualit\u00e9 de toucher et d&#8217;\u00e9coute. C&#8217;est donc tout naturellement qu&#8217;elle s&#8217;est sp\u00e9cialis\u00e9e en Massage Biodynamique en 2019, [&hellip;]<\/p>\n","protected":false},"author":1,"featured_media":0,"parent":0,"menu_order":0,"comment_status":"closed","ping_status":"closed","template":"","meta":{"_et_pb_use_builder":"on","_et_pb_old_content":"<!-- wp:divi\/placeholder \/-->","_et_gb_content_width":"","footnotes":""},"_links":{"self":[{"href":"https:\/\/maison-du-bien-etre-provence.fr\/index.php?rest_route=\/wp\/v2\/pages\/16"}],"collection":[{"href":"https:\/\/maison-du-bien-etre-provence.fr\/index.php?rest_route=\/wp\/v2\/pages"}],"about":[{"href":"https:\/\/maison-du-bien-etre-provence.fr\/index.php?rest_route=\/wp\/v2\/types\/page"}],"author":[{"embeddable":true,"href":"https:\/\/maison-du-bien-etre-provence.fr\/index.php?rest_route=\/wp\/v2\/users\/1"}],"replies":[{"embeddable":true,"href":"https:\/\/maison-du-bien-etre-provence.fr\/index.php?rest_route=%2Fwp%2Fv2%2Fcomments&post=16"}],"version-history":[{"count":67,"href":"https:\/\/maison-du-bien-etre-provence.fr\/index.php?rest_route=\/wp\/v2\/pages\/16\/revisions"}],"predecessor-version":[{"id":926,"href":"https:\/\/maison-du-bien-etre-provence.fr\/index.php?rest_route=\/wp\/v2\/pages\/16\/revisions\/926"}],"wp:attachment":[{"href":"https:\/\/maison-du-bien-etre-provence.fr\/index.php?rest_route=%2Fwp%2Fv2%2Fmedia&parent=16"}],"curies":[{"name":"wp","href":"https:\/\/api.w.org\/{rel}","templated":true}]}}